 d = q. List the prime factors of t.
5, 11, 23
Let z(s) = -s**2 - 9*s - 10. Suppose 8*h + 18 + 6 = 0. Let k be z(h). Suppose n - k*n + 273 = 0. What are the prime factors of n?
3, 13
Let n(s) = 18 + 2*s**2 - s**2 + 9*s + 10*s. Suppose 5*z + 4*b = -100, -3*z - 38*b - 60 = -41*b. List the prime factors of n(z).
2, 19
Suppose -6*m + 5*m + 173365 = 5*l, -m + 5 = 0. What are the prime factors of l?
2, 11, 197
Suppose -3*w - 3 - 6 = 2*p, -9 = -3*p + 3*w. Suppose m - 5*u - 12 = p, 0 = -4*m - 0*m - 4*u. List the prime factors of (59 - m) + 20/(-5).
53
What are the prime factors of 18156 - ((-7350)/(-21))/(-25)?
2, 5, 23, 79
Suppose -41*s + 62*s = 151137. What are the prime factors of s?
3, 2399
Suppose 0 = 12*h - 8*h - 16. Suppose 0*p + 15 = 3*p, 5*p - 9 = -h*q. What are the prime factors of q/(-10)*270/6?
2, 3
Let g(f) = -f**3 - 16*f**2 - 118*f - 146. What are the prime factors of g(-20)?
2, 1907
Let d(n) = 2*n**2 + 90*n + 507. What are the prime factors of d(54)?
3, 3733
Suppose 15*q - 12*q = -4*g + 25784, 4*q - 16 = 0. List the prime factors of g.
17, 379
Let l(h) be the third derivative of 0*h + 0 + 7/3*h**3 + 1/30*h**5 - 5/24*h**4 - 6*h**2. List the prime factors of l(6).
2, 7
Let l(h) = -h**3 - 6*h**2 - 5*h - 12. Let o(f) = -4*f + 2. Let u be o(2). Let b be l(u). What are the prime factors of (10/(-45) - 5/b)*-148?
2, 37
Suppose 0 = -4*i + i - 3. Let r = i - 2. Let h = 23 - r. What are the prime factors of h?
2, 13
Let s(n) = 7*n + 40. Let x be s(-11). Let t(b) = -b**3 - 37*b**2 - 9*b + 28. What are the prime factors of t(x)?
19
Suppose -4*m = -14*m + 69966 + 121534. What are the prime factors of m?
2, 5, 383
Suppose 4*i = 2*l - 84, -i + 0 = 3*l + 21. Let h = i + 327. List the prime factors of h.
2, 3, 17
Let z(c) = -2*c**2 - 12*c - 8. Let y be z(-5). Let d be 0 - (y/(-2)*2 - -3958). List the prime factors of (d/69)/((-2)/6).
2, 43
Suppose 5*x = -4 + 29. Suppose x*f = 14*h - 19*h + 1115, 5*h - 449 = -2*f. What are the prime factors of f?
2, 3, 37
Let d(n) = 294*n**2 + 5*n - 6. Suppose -612 = 6*m - 618. List the prime factors of d(m).
293
Let q(g) = -5461*g**3 - 3*g**2 + 64*g + 145. List the prime factors of q(-2).
13, 3361
Let s be ((-136)/(-24) + (-2)/(-6))/1. Let o be 5*31 + 18/s + -1. Suppose 6*r = 3*r - 3, 0 = j - r - o. List the prime factors of j.
2, 3, 13
Suppose 0 = -f + 5*l - 2022, 4044 = -2*f - 4*l + 6*l. Let h = f - -2978. List the prime factors of h.
2, 239
Let v = 2401 + 2176. What are the prime factors of v?
23, 199
Let f(u) = -10*u + 4. Let s(c) be the first derivative of -9*c**2/2 + 3*c - 3. Let z(x) = 3*f(x) - 4*s(x). What are the prime factors of z(4)?
2, 3
Let o(m) = 14504*m**2 + 1755*m - 1. What are the prime factors of o(2)?
5, 23, 107
Let f be 1952/(5/(-35)*-7). Suppose -f - 3160 = -12*q. What are the prime factors of q?
2, 3, 71
Let f = -142 + 100. Let m = -29 - f. What are the prime factors of m?
13
Suppose -w + b = -6*w + 41, 3*b = 3*w - 21. Suppose 10*d - 802 = w*d. What are the prime factors of d?
401
Let c(f) = 6*f + 216. Let w be c(-37). Let i(v) = 9*v - 3. Let t(o) = o - 1. Let n(l) = -2*i(l) - 4*t(l). List the prime factors of n(w).
2, 71
Let z be (2/(-6))/(-4 - (-429)/108). Suppose -z*r - 847 = -5*r. Let v = r - -312. List the prime factors of v.
191
Let q = 1996 - 794. What are the prime factors of q?
2, 601
Let g = 148 + 374. Let o = g - 326. What are the prime factors of o?
2, 7
Let h = 6015 - 4419. List the prime factors of h.
2, 3, 7, 19
Suppose -5*n = 2*b + 34, -3*b = 4*n - 6*b + 18. Let y be (-12)/n - ((-6)/3 + 1). Suppose -5*l - 277 = y*c - 875, -4*l + 20 = 0. What are the prime factors of c?
191
Suppose -2*d = -0*d - 3*o - 9, 4*d - 9 = -3*o. Let x(u) = -u**3 + 2*u**2 + 5*u - 2. Let p be x(d). Suppose -p*h = 21 - 93. List the prime factors of h.
2, 3
Suppose 3*v + 51 = 4*q, 0 = -3*v + 4*v - 3. Suppose -5*c + q = 5. Suppose -8 = -c*w, 0*i + 3*w = 2*i - 136. List the prime factors of i.
2, 37
Suppose 0 = -2*o - 142 - 276. Let c be (12 - 10)/(1/156) - 0. Let h = o + c. List the prime factors of h.
103
Suppose -3*q + 233*w = 236*w - 96075, 0 = w - 6. List the prime factors of q.
3, 13, 821
Suppose 4*k - 5*k = -2*p + 10, -5*p + 3*k = -27. List the prime factors of (p - (-285)/(-25))/(3/(-60)).
2, 3, 7
Let s be (-2)/((-8)/(-197)) - 2/(-8). Suppose p = 2 + 197. Let m = p + s. What are the prime factors of m?
2, 3, 5
Let g = 7092 + 982. What are the prime factors of g?
2, 11, 367
Suppose 7*d + 24*d = -744. What are the prime factors of 607/((-4)/d*6)?
607
Suppose -4*s - 3*a + 23618 = -56049, -a + 79665 = 4*s. List the prime factors of s.
2, 13, 383
Let x(o) = o**2 + 5*o - 8. Let u be x(-7). Suppose -u*h + 18 - 78 = 0. List the prime factors of (-1)/(-1) - 3/1*h.
31
Let r(z) = 15*z**3 + 4*z**2 - 8*z + 84. What are the prime factors of r(8)?
2, 3, 13, 17
Let y = 3405 - 1732. Suppose 0*c - y = -7*c. What are the prime factors of c?
239
Let u be (91/(-26) + 4)/(1/(-2)). Let a be (4/3)/((-4)/2898). List the prime factors of (a/35)/((-13)/(-15) + u).
3, 23
Let l(y) = y**2 + 10*y - 5. Let r(n) = 2*n**2 + 26*n - 12. Let o be r(-13). Let c be l(o). Suppose -c + 85 = 2*v. List the prime factors of v.
3, 11
Let a(z) = 80*z**2 + 21*z + 76. List the prime factors of a(-12).
2, 709
Suppose -3*p + 428 = 3*o - 5830, 0 = 3*p - 18. List the prime factors of o.
2, 5, 13
Suppose 6*t - 55108 - 138588 = -10*t. List the prime factors of t.
2, 6053
Suppose -5*b + 3*b + 3*o = -60, 5*b - 4*o - 150 = 0. Let w be 2 - ((-42)/b + (-2)/(-5)). Suppose w*k - 700 = -196. List the prime factors of k.
2, 3, 7
Let c(v) = 3*v - 18. Let k(a) = -10*a + 57. Let o be k(5). Let p be c(o). Let r(n) = 45*n - 14. What are the prime factors of r(p)?
11
Let w = 18327 + -12748. List the prime factors of w.
7, 797
Let t be 93 + 1 + (-2)/2. Suppose 5*b - 47 = 3*i, -4*i + 38 = b + t. Let l(d) = d**2 - 6*d - 31. List the prime factors of l(i).
3, 83
Suppose 18*i = -7123 + 128731. List the prime factors of i.
2, 3, 563
Let j(z) be the second derivative of -25*z**3/6 - 35*z**2/2 - z + 24. What are the prime factors of j(-6)?
5, 23
Suppose 2*n = 3*m - 195949, -5*m - 4*n + 218146 + 108377 = 0. What are the prime factors of m?
241, 271
Let b = 264 - 243. What are the prime factors of 17/(1 + (-18)/b) - -2?
11
Let h(x) = -2410*x**3 + 4*x**2 + 12*x + 14. List the prime factors of h(-2).
2, 9643
Let w(z) = 70*z**3 - z**2 + 1. Let p = 28 + -27. List the prime factors of w(p).
2, 5, 7
Let u(x) = -x**2 + 10*x - 9. Let t be u(7). Suppose 3*c = t, c - 2*c = -p - 58. Let l = p - -95. List the prime factors of l.
41
Suppose -4*c - 2*c = -204. Suppose -5*x = -3*y - 170, 0*x = x - 3*y - c. List the prime factors of x.
2, 17
Let q be -1*2*(207/(-18) + 2). Suppose -18*u + q*u - 33 = 0. List the prime factors of u.
3, 11
Let t = 21 + -61. Let d be (-1)/(-2) + -4*(-5)/t. Let q(w) = -2*w**2 + w + 111. What are the prime factors of q(d)?
3, 37
What are the prime factors of (4/5)/((2/50)/((-12849)/(-30)))?
2, 4283
Suppose 0 = -17*w - 21803 + 41553 + 50834. List the prime factors of w.
2, 3, 173
Let s = 718 - 438. Suppose 4*n - 2200 - s = 0. What are the prime factors of n?
2, 5, 31
Let z(o) = 12*o**2 + 17*o. What are the prime factors of z(16)?
2, 11, 19
Suppose -5*o - 22381 - 14640 = -4*c, -5*o + 15 = 0. Suppose 13*k - c = 3598. List the prime factors of k.
23, 43
Let j be (-1 + -2)*(8 + -10). Let a be 47/3 - (-2)/(-3). What are the prime factors of a/j*4/2?
5
Suppose 14 = 9*r - 2*r. Suppose -5*q - 189 - 2753 = 4*b, 3*q + r*b + 1764 = 0. Let h = -363 - q. List the prime factors of h.
223
List the prime factors of 0 + -2 - ((-28679)/63 - 4/(-18)).
3, 151
Let h = 6936 - 2375. What are the prime factors of h?
4561
Suppose 3*u - 5*c - 32 = 0, -30 = -5*u + 5*c + 10. Suppose 11*d - 3024 = u*d. What are the prime factors of d?
2, 3
Let u = -10 - -14. Let c = -18 + u. What are the prime factors of (-9)/(-21) + ((-414)/c - -2)?
2
Let h(q) = -18*q - 57. Let y be h(-3). List the prime factors of 12/16*92 - y/(-3).
2, 17
What are the prime factors of (-317170)/(-42) + -1 + (-21)/(-9)?
7, 13, 83
Suppose 7*m = -3125 - 872. Let k = m - -964. What are the prime factors of k?
3, 131
List the prime factors of ((200/(-24) - -4) + 5)*26949.
2, 13, 691
Let a be (-1)/((0 - -1)*(-5)/1090). Let m = 327 - a.